[INFO] cloning repository https://github.com/josh65536/gadget-up-2
[INFO] running `Command { std: "git" "-c" "credential.helper=" "-c" "credential.helper=/workspace/cargo-home/bin/git-credential-null" "clone" "--bare" "https://github.com/josh65536/gadget-up-2" "/workspace/cache/git-repos/https%3A%2F%2Fgithub.com%2Fjosh65536%2Fgadget-up-2", kill_on_drop: false }`
[INFO] [stderr] Cloning into bare repository '/workspace/cache/git-repos/https%3A%2F%2Fgithub.com%2Fjosh65536%2Fgadget-up-2'...
[INFO] running `Command { std: "git" "rev-parse" "HEAD", kill_on_drop: false }`
[INFO] [stdout] cbf77d070396fff0264bd93a76696999e5d73e2c
[INFO] checking josh65536/gadget-up-2 against master#af3c6e733a40e671550e0f0f5aeecaa13772ba56 for pr-74989
[INFO] running `Command { std: "git" "clone" "/workspace/cache/git-repos/https%3A%2F%2Fgithub.com%2Fjosh65536%2Fgadget-up-2" "/workspace/builds/worker-6/source", kill_on_drop: false }`
[INFO] [stderr] Cloning into '/workspace/builds/worker-6/source'...
[INFO] [stderr] done.
[INFO] validating manifest of git repo https://github.com/josh65536/gadget-up-2 on toolchain af3c6e733a40e671550e0f0f5aeecaa13772ba56
[INFO] running `Command { std: "/workspace/cargo-home/bin/cargo" "+af3c6e733a40e671550e0f0f5aeecaa13772ba56" "read-manifest" "--manifest-path" "Cargo.toml", kill_on_drop: false }`
[INFO] started tweaking git repo https://github.com/josh65536/gadget-up-2
[INFO] removed path dependency conrod_core from git repo https://github.com/josh65536/gadget-up-2
[INFO] removed path dependency conrod_derive from git repo https://github.com/josh65536/gadget-up-2
[INFO] removed path dependency conrod_winit from git repo https://github.com/josh65536/gadget-up-2
[INFO] removed path dependency golem from git repo https://github.com/josh65536/gadget-up-2
[INFO] removed path dependency winit from git repo https://github.com/josh65536/gadget-up-2
[INFO] finished tweaking git repo https://github.com/josh65536/gadget-up-2
[INFO] tweaked toml for git repo https://github.com/josh65536/gadget-up-2 written to /workspace/builds/worker-6/source/Cargo.toml
[INFO] crate git repo https://github.com/josh65536/gadget-up-2 already has a lockfile, it will not be regenerated
[INFO] running `Command { std: "/workspace/cargo-home/bin/cargo" "+af3c6e733a40e671550e0f0f5aeecaa13772ba56" "fetch" "--locked" "--manifest-path" "Cargo.toml", kill_on_drop: false }`
[INFO] [stderr] warning: Found `debug_assertions` in `target.'cfg(...)'.dependencies`. This value is not supported for selecting dependencies and will not work as expected. To learn more visit https://doc.rust-lang.org/cargo/reference/specifying-dependencies.html#platform-specific-dependencies
[INFO] [stderr]     Updating crates.io index
[INFO] [stderr] error: the lock file /workspace/builds/worker-6/source/Cargo.lock needs to be updated but --locked was passed to prevent this
[INFO] [stderr] If you want to try to generate the lock file without accessing the network, use the --offline flag.
[INFO] the lockfile is outdated, regenerating it
[INFO] running `Command { std: "/workspace/cargo-home/bin/cargo" "+af3c6e733a40e671550e0f0f5aeecaa13772ba56" "generate-lockfile" "--manifest-path" "Cargo.toml" "-Zno-index-update", kill_on_drop: false }`
[INFO] [stderr]     Blocking waiting for file lock on package cache
[INFO] running `Command { std: "/workspace/cargo-home/bin/cargo" "+af3c6e733a40e671550e0f0f5aeecaa13772ba56" "fetch" "--locked" "--manifest-path" "Cargo.toml", kill_on_drop: false }`
[INFO] [stderr] warning: Found `debug_assertions` in `target.'cfg(...)'.dependencies`. This value is not supported for selecting dependencies and will not work as expected. To learn more visit https://doc.rust-lang.org/cargo/reference/specifying-dependencies.html#platform-specific-dependencies
[INFO] running `Command { std: "docker" "create" "-v" "/var/lib/crater-agent-workspace/builds/worker-6/target:/opt/rustwide/target:rw,Z" "-v" "/var/lib/crater-agent-workspace/builds/worker-6/source:/opt/rustwide/workdir:ro,Z" "-v" "/var/lib/crater-agent-workspace/cargo-home:/opt/rustwide/cargo-home:ro,Z" "-v" "/var/lib/crater-agent-workspace/rustup-home:/opt/rustwide/rustup-home:ro,Z" "-e" "SOURCE_DIR=/opt/rustwide/workdir" "-e" "CARGO_TARGET_DIR=/opt/rustwide/target" "-e" "CARGO_HOME=/opt/rustwide/cargo-home" "-e" "RUSTUP_HOME=/opt/rustwide/rustup-home" "-w" "/opt/rustwide/workdir" "-m" "1610612736" "--user" "0:0" "--network" "none" "rustops/crates-build-env@sha256:d92eaeed33fa75130ca1ee6c8a01d1ffb62bac859dfdfb3450e3e5d1c0146529" "/opt/rustwide/cargo-home/bin/cargo" "+af3c6e733a40e671550e0f0f5aeecaa13772ba56" "metadata" "--no-deps" "--format-version=1", kill_on_drop: false }`
[INFO] [stdout] 3db470544c9f936d218aecbfff8db8a8b4721773cd9bac8714c4a37180d2878c
[INFO] [stderr] WARNING: Your kernel does not support swap limit capabilities or the cgroup is not mounted. Memory limited without swap.
[INFO] running `Command { std: "docker" "start" "-a" "3db470544c9f936d218aecbfff8db8a8b4721773cd9bac8714c4a37180d2878c", kill_on_drop: false }`
[INFO] running `Command { std: "docker" "inspect" "3db470544c9f936d218aecbfff8db8a8b4721773cd9bac8714c4a37180d2878c", kill_on_drop: false }`
[INFO] running `Command { std: "docker" "rm" "-f" "3db470544c9f936d218aecbfff8db8a8b4721773cd9bac8714c4a37180d2878c", kill_on_drop: false }`
[INFO] [stdout] 3db470544c9f936d218aecbfff8db8a8b4721773cd9bac8714c4a37180d2878c
[INFO] running `Command { std: "docker" "create" "-v" "/var/lib/crater-agent-workspace/builds/worker-6/target:/opt/rustwide/target:rw,Z" "-v" "/var/lib/crater-agent-workspace/builds/worker-6/source:/opt/rustwide/workdir:ro,Z" "-v" "/var/lib/crater-agent-workspace/cargo-home:/opt/rustwide/cargo-home:ro,Z" "-v" "/var/lib/crater-agent-workspace/rustup-home:/opt/rustwide/rustup-home:ro,Z" "-e" "SOURCE_DIR=/opt/rustwide/workdir" "-e" "CARGO_TARGET_DIR=/opt/rustwide/target" "-e" "CARGO_INCREMENTAL=0" "-e" "RUST_BACKTRACE=full" "-e" "RUSTFLAGS=--cap-lints=forbid" "-e" "CARGO_HOME=/opt/rustwide/cargo-home" "-e" "RUSTUP_HOME=/opt/rustwide/rustup-home" "-w" "/opt/rustwide/workdir" "-m" "1610612736" "--user" "0:0" "--network" "none" "rustops/crates-build-env@sha256:d92eaeed33fa75130ca1ee6c8a01d1ffb62bac859dfdfb3450e3e5d1c0146529" "/opt/rustwide/cargo-home/bin/cargo" "+af3c6e733a40e671550e0f0f5aeecaa13772ba56" "check" "--frozen" "--all" "--all-targets" "--message-format=json", kill_on_drop: false }`
[INFO] [stdout] 723c80dfc3799819998aba60379e1163fc0063004e029af1c8c0cf1ae5dd0353
[INFO] [stderr] WARNING: Your kernel does not support swap limit capabilities or the cgroup is not mounted. Memory limited without swap.
[INFO] running `Command { std: "docker" "start" "-a" "723c80dfc3799819998aba60379e1163fc0063004e029af1c8c0cf1ae5dd0353", kill_on_drop: false }`
[INFO] [stderr] warning: Found `debug_assertions` in `target.'cfg(...)'.dependencies`. This value is not supported for selecting dependencies and will not work as expected. To learn more visit https://doc.rust-lang.org/cargo/reference/specifying-dependencies.html#platform-specific-dependencies
[INFO] [stderr]    Compiling xml-rs v0.8.3
[INFO] [stderr]    Compiling proc-macro2 v0.4.30
[INFO] [stderr]    Compiling syn v1.0.41
[INFO] [stderr]    Compiling libloading v0.6.3
[INFO] [stderr]     Checking scopeguard v1.1.0
[INFO] [stderr]    Compiling nix v0.14.1
[INFO] [stderr]    Compiling wasm-bindgen-shared v0.2.68
[INFO] [stderr]    Compiling byteorder v1.3.4
[INFO] [stderr]     Checking void v1.0.2
[INFO] [stderr]     Checking lazycell v1.3.0
[INFO] [stderr]    Compiling bumpalo v3.4.0
[INFO] [stderr]     Checking linked-hash-map v0.5.3
[INFO] [stderr]     Checking rustc-hash v1.1.0
[INFO] [stderr]     Checking same-file v1.0.6
[INFO] [stderr]     Checking downcast-rs v1.2.0
[INFO] [stderr]    Compiling khronos_api v3.1.0
[INFO] [stderr]    Compiling wasm-bindgen v0.2.68
[INFO] [stderr]     Checking xdg v2.2.0
[INFO] [stderr]    Compiling serde_derive v1.0.116
[INFO] [stderr]    Compiling serde v1.0.116
[INFO] [stderr]     Checking fixedbitset v0.1.9
[INFO] [stderr]     Checking smallvec v1.4.2
[INFO] [stderr]     Checking piston-float v0.3.0
[INFO] [stderr]    Compiling cgmath v0.17.0
[INFO] [stderr]     Checking either v1.6.0
[INFO] [stderr]     Checking instant v0.1.6
[INFO] [stderr]     Checking base64 v0.12.3
[INFO] [stderr]     Checking bytemuck v1.4.1
[INFO] [stderr]     Checking radium v0.3.0
[INFO] [stderr]     Checking conrod_winit v0.70.0
[INFO] [stderr]     Checking scoped-tls v1.0.0
[INFO] [stderr]     Checking ref_thread_local v0.0.0
[INFO] [stderr]    Compiling num-traits v0.2.12
[INFO] [stderr]    Compiling crossbeam-utils v0.7.2
[INFO] [stderr]    Compiling memoffset v0.5.5
[INFO] [stderr]    Compiling crossbeam-epoch v0.8.2
[INFO] [stderr]    Compiling num-integer v0.1.43
[INFO] [stderr]    Compiling num-bigint v0.2.6
[INFO] [stderr]    Compiling num-iter v0.1.41
[INFO] [stderr]    Compiling num-complex v0.2.4
[INFO] [stderr]    Compiling num-rational v0.2.4
[INFO] [stderr]     Checking lock_api v0.3.4
[INFO] [stderr]     Checking walkdir v2.3.1
[INFO] [stderr]    Compiling x11-dl v2.18.5
[INFO] [stderr]     Checking petgraph v0.4.13
[INFO] [stderr]     Checking piston-viewport v0.5.0
[INFO] [stderr]     Checking itertools v0.9.0
[INFO] [stderr]    Compiling log v0.4.11
[INFO] [stderr]     Checking bitvec v0.17.4
[INFO] [stderr]    Compiling libc v0.2.77
[INFO] [stderr]     Checking num_cpus v1.13.0
[INFO] [stderr]     Checking memmap v0.7.0
[INFO] [stderr]     Checking rand_os v0.1.3
[INFO] [stderr]     Checking parking_lot_core v0.7.2
[INFO] [stderr]     Checking raw-window-handle v0.3.3
[INFO] [stderr]     Checking dlib v0.4.2
[INFO] [stderr]    Compiling gl_generator v0.13.1
[INFO] [stderr]     Checking rand v0.6.5
[INFO] [stderr]     Checking mio-extras v2.0.6
[INFO] [stderr]     Checking wayland-sys v0.23.6
[INFO] [stderr]     Checking stb_truetype v0.3.1
[INFO] [stderr]     Checking parking_lot v0.10.2
[INFO] [stderr]    Compiling quote v0.6.13
[INFO] [stderr]    Compiling xcb v0.9.0
[INFO] [stderr]     Checking daggy v0.5.0
[INFO] [stderr]    Compiling wayland-scanner v0.23.6
[INFO] [stderr]     Checking crossbeam-deque v0.7.3
[INFO] [stderr]     Checking approx v0.3.2
[INFO] [stderr]     Checking ordered-float v1.1.0
[INFO] [stderr]     Checking line_drawing v0.7.0
[INFO] [stderr]    Compiling wasm-bindgen-test-macro v0.2.50
[INFO] [stderr]    Compiling glow v0.4.0
[INFO] [stderr]     Checking rusttype v0.8.3
[INFO] [stderr]     Checking rusttype v0.7.9
[INFO] [stderr]     Checking andrew v0.2.1
[INFO] [stderr]    Compiling wayland-client v0.23.6
[INFO] [stderr]    Compiling wayland-protocols v0.23.6
[INFO] [stderr]     Checking num v0.2.1
[INFO] [stderr]     Checking wayland-commons v0.23.6
[INFO] [stderr]     Checking calloop v0.4.4
[INFO] [stderr]    Compiling wasm-bindgen-backend v0.2.68
[INFO] [stderr]    Compiling wasm-bindgen-macro-support v0.2.68
[INFO] [stderr]    Compiling conrod_derive v0.70.0
[INFO] [stderr]     Checking x11-clipboard v0.5.1
[INFO] [stderr]    Compiling wasm-bindgen-macro v0.2.68
[INFO] [stderr]     Checking js-sys v0.3.45
[INFO] [stderr]     Checking console_error_panic_hook v0.1.6
[INFO] [stderr]     Checking smithay-client-toolkit v0.6.6
[INFO] [stderr]     Checking golem v0.1.7
[INFO] [stderr]     Checking smithay-clipboard v0.4.0
[INFO] [stderr]     Checking winit v0.22.2
[INFO] [stderr]     Checking copypasta v0.6.3
[INFO] [stderr]     Checking wasm-bindgen-futures v0.3.27
[INFO] [stderr]     Checking web-sys v0.3.45
[INFO] [stderr]     Checking wasm-bindgen-test v0.2.50
[INFO] [stderr]     Checking pistoncore-input v0.24.0
[INFO] [stderr]     Checking ron v0.6.2
[INFO] [stderr]     Checking conrod_core v0.70.0
[INFO] [stderr]     Checking gadget-up-2 v0.4.1 (/opt/rustwide/workdir)
[INFO] [stdout] error[E0433]: failed to resolve: could not find `v021_convert_event_wh` in `conrod_winit`
[INFO] [stdout]     --> src/lib.rs:1071:52
[INFO] [stdout]      |
[INFO] [stdout] 1071 |                 if let Some(event) = conrod_winit::v021_convert_event_wh!(
[INFO] [stdout]      |                                                    ^^^^^^^^^^^^^^^^^^^^^ could not find `v021_convert_event_wh` in `conrod_winit`
[INFO] [stdout] 
[INFO] [stdout] 
[INFO] [stdout] error[E0603]: function `interaction_and_times_triggered` is private
[INFO] [stdout]    --> src/widget/button.rs:227:29
[INFO] [stdout]     |
[INFO] [stdout] 227 |             widget::button::interaction_and_times_triggered(id, ui);
[INFO] [stdout]     |                             ^^^^^^^^^^^^^^^^^^^^^^^^^^^^^^^ private function
[INFO] [stdout]     |
[INFO] [stdout] note: the function `interaction_and_times_triggered` is defined here
[INFO] [stdout]    --> /opt/rustwide/cargo-home/registry/src/github.com-1ecc6299db9ec823/conrod_core-0.70.0/src/widget/button.rs:384:1
[INFO] [stdout]     |
[INFO] [stdout] 384 | fn interaction_and_times_triggered(button_id: widget::Id, ui: &UiCell) -> (Interaction, u16) {
[INFO] [stdout]     | ^^^^^^^^^^^^^^^^^^^^^^^^^^^^^^^^^^^^^^^^^^^^^^^^^^^^^^^^^^^^^^^^^^^^^^^^^^^^^^^^^^^^^^^^^^^^
[INFO] [stdout] 
[INFO] [stdout] 
[INFO] [stdout] error[E0433]: failed to resolve: could not find `v021_convert_event_wh` in `conrod_winit`
[INFO] [stdout]     --> src/lib.rs:1071:52
[INFO] [stdout]      |
[INFO] [stdout] 1071 |                 if let Some(event) = conrod_winit::v021_convert_event_wh!(
[INFO] [stdout]      |                                                    ^^^^^^^^^^^^^^^^^^^^^ could not find `v021_convert_event_wh` in `conrod_winit`
[INFO] [stdout] 
[INFO] [stdout] 
[INFO] [stdout] warning: unused import: `Vertex`
[INFO] [stdout]  --> src/render/gadget.rs:3:42
[INFO] [stdout]   |
[INFO] [stdout] 3 | use super::{Model, ModelType, Triangles, Vertex, MODELS};
[INFO] [stdout]   |                                          ^^^^^^
[INFO] [stdout]   |
[INFO] [stdout]   = note: `#[warn(unused_imports)]` on by default
[INFO] [stdout] 
[INFO] [stdout] 
[INFO] [stdout] warning: unused import: `PP`
[INFO] [stdout]  --> src/render/gadget.rs:4:36
[INFO] [stdout]   |
[INFO] [stdout] 4 | use crate::gadget::{Agent, Gadget, PP};
[INFO] [stdout]   |                                    ^^
[INFO] [stdout] 
[INFO] [stdout] 
[INFO] [stdout] warning: unused import: `Vec2`
[INFO] [stdout]  --> src/render/gadget.rs:7:25
[INFO] [stdout]   |
[INFO] [stdout] 7 | use crate::math::{Mat4, Vec2, Vec2i, Vector2Ex};
[INFO] [stdout]   |                         ^^^^
[INFO] [stdout] 
[INFO] [stdout] 
[INFO] [stdout] warning: unused import: `fnv::FnvHashMap`
[INFO] [stdout]   --> src/render/gadget.rs:11:5
[INFO] [stdout]    |
[INFO] [stdout] 11 | use fnv::FnvHashMap;
[INFO] [stdout]    |     ^^^^^^^^^^^^^^^
[INFO] [stdout] 
[INFO] [stdout] 
[INFO] [stdout] warning: unused imports: `ElementBuffer`, `GeometryMode`
[INFO] [stdout]   --> src/render/gadget.rs:15:13
[INFO] [stdout]    |
[INFO] [stdout] 15 | use golem::{ElementBuffer, GeometryMode, VertexBuffer};
[INFO] [stdout]    |             ^^^^^^^^^^^^^  ^^^^^^^^^^^^
[INFO] [stdout] 
[INFO] [stdout] 
[INFO] [stdout] warning: unused imports: `Vector2`, `Vector3`
[INFO] [stdout]  --> src/render/lang.rs:2:26
[INFO] [stdout]   |
[INFO] [stdout] 2 | use cgmath::{vec2, vec3, Vector2, Vector3, Vector4};
[INFO] [stdout]   |                          ^^^^^^^  ^^^^^^^
[INFO] [stdout] 
[INFO] [stdout] 
[INFO] [stdout] warning: unused import: `std::ops::Add`
[INFO] [stdout]  --> src/render/lang.rs:8:5
[INFO] [stdout]   |
[INFO] [stdout] 8 | use std::ops::Add;
[INFO] [stdout]   |     ^^^^^^^^^^^^^
[INFO] [stdout] 
[INFO] [stdout] 
[INFO] [stdout] warning: unused import: `TAU_F64`
[INFO] [stdout]   --> src/render/lang.rs:13:48
[INFO] [stdout]    |
[INFO] [stdout] 13 | use crate::math::{Mat2, Vec2, Vec3, Vector2Ex, TAU_F64};
[INFO] [stdout]    |                                                ^^^^^^^
[INFO] [stdout] 
[INFO] [stdout] 
[INFO] [stdout] warning: unused import: `crate::log`
[INFO] [stdout]   --> src/widget/screen.rs:16:5
[INFO] [stdout]    |
[INFO] [stdout] 16 | use crate::log;
[INFO] [stdout]    |     ^^^^^^^^^^
[INFO] [stdout] 
[INFO] [stdout] 
[INFO] [stdout] error[E0603]: function `interaction_and_times_triggered` is private
[INFO] [stdout]    --> src/widget/button.rs:227:29
[INFO] [stdout]     |
[INFO] [stdout] 227 |             widget::button::interaction_and_times_triggered(id, ui);
[INFO] [stdout]     |                             ^^^^^^^^^^^^^^^^^^^^^^^^^^^^^^^ private function
[INFO] [stdout]     |
[INFO] [stdout] note: the function `interaction_and_times_triggered` is defined here
[INFO] [stdout]    --> /opt/rustwide/cargo-home/registry/src/github.com-1ecc6299db9ec823/conrod_core-0.70.0/src/widget/button.rs:384:1
[INFO] [stdout]     |
[INFO] [stdout] 384 | fn interaction_and_times_triggered(button_id: widget::Id, ui: &UiCell) -> (Interaction, u16) {
[INFO] [stdout]     | ^^^^^^^^^^^^^^^^^^^^^^^^^^^^^^^^^^^^^^^^^^^^^^^^^^^^^^^^^^^^^^^^^^^^^^^^^^^^^^^^^^^^^^^^^^^^
[INFO] [stdout] 
[INFO] [stdout] 
[INFO] [stdout] warning: unused import: `Vertex`
[INFO] [stdout]  --> src/render/gadget.rs:3:42
[INFO] [stdout]   |
[INFO] [stdout] 3 | use super::{Model, ModelType, Triangles, Vertex, MODELS};
[INFO] [stdout]   |                                          ^^^^^^
[INFO] [stdout]   |
[INFO] [stdout]   = note: `#[warn(unused_imports)]` on by default
[INFO] [stdout] 
[INFO] [stdout] 
[INFO] [stdout] warning: unused import: `PP`
[INFO] [stdout]  --> src/render/gadget.rs:4:36
[INFO] [stdout]   |
[INFO] [stdout] 4 | use crate::gadget::{Agent, Gadget, PP};
[INFO] [stdout]   |                                    ^^
[INFO] [stdout] 
[INFO] [stdout] 
[INFO] [stdout] warning: unused import: `Vec2`
[INFO] [stdout]  --> src/render/gadget.rs:7:25
[INFO] [stdout]   |
[INFO] [stdout] 7 | use crate::math::{Mat4, Vec2, Vec2i, Vector2Ex};
[INFO] [stdout]   |                         ^^^^
[INFO] [stdout] 
[INFO] [stdout] 
[INFO] [stdout] warning: unused import: `fnv::FnvHashMap`
[INFO] [stdout]   --> src/render/gadget.rs:11:5
[INFO] [stdout]    |
[INFO] [stdout] 11 | use fnv::FnvHashMap;
[INFO] [stdout]    |     ^^^^^^^^^^^^^^^
[INFO] [stdout] 
[INFO] [stdout] 
[INFO] [stdout] warning: unused imports: `ElementBuffer`, `GeometryMode`
[INFO] [stdout]   --> src/render/gadget.rs:15:13
[INFO] [stdout]    |
[INFO] [stdout] 15 | use golem::{ElementBuffer, GeometryMode, VertexBuffer};
[INFO] [stdout]    |             ^^^^^^^^^^^^^  ^^^^^^^^^^^^
[INFO] [stdout] 
[INFO] [stdout] 
[INFO] [stdout] warning: unused imports: `Vector2`, `Vector3`
[INFO] [stdout]  --> src/render/lang.rs:2:26
[INFO] [stdout]   |
[INFO] [stdout] 2 | use cgmath::{vec2, vec3, Vector2, Vector3, Vector4};
[INFO] [stdout]   |                          ^^^^^^^  ^^^^^^^
[INFO] [stdout] 
[INFO] [stdout] 
[INFO] [stdout] warning: unused import: `std::ops::Add`
[INFO] [stdout]  --> src/render/lang.rs:8:5
[INFO] [stdout]   |
[INFO] [stdout] 8 | use std::ops::Add;
[INFO] [stdout]   |     ^^^^^^^^^^^^^
[INFO] [stdout] 
[INFO] [stdout] 
[INFO] [stdout] warning: unused import: `TAU_F64`
[INFO] [stdout]   --> src/render/lang.rs:13:48
[INFO] [stdout]    |
[INFO] [stdout] 13 | use crate::math::{Mat2, Vec2, Vec3, Vector2Ex, TAU_F64};
[INFO] [stdout]    |                                                ^^^^^^^
[INFO] [stdout] 
[INFO] [stdout] 
[INFO] [stdout] warning: unused import: `crate::log`
[INFO] [stdout]   --> src/widget/screen.rs:16:5
[INFO] [stdout]    |
[INFO] [stdout] 16 | use crate::log;
[INFO] [stdout]    |     ^^^^^^^^^^
[INFO] [stdout] 
[INFO] [stdout] 
[INFO] [stdout] error[E0599]: no method named `set_clear_depth` found for struct `Rc<golem::Context>` in the current scope
[INFO] [stdout]     --> src/lib.rs:1024:8
[INFO] [stdout]      |
[INFO] [stdout] 1024 |     gl.set_clear_depth(-1.0);
[INFO] [stdout]      |        ^^^^^^^^^^^^^^^ help: there is an associated function with a similar name: `set_clear_color`
[INFO] [stdout] 
[INFO] [stdout] 
[INFO] [stdout] error[E0599]: no method named `set_clear_depth` found for struct `Rc<golem::Context>` in the current scope
[INFO] [stdout]     --> src/lib.rs:1024:8
[INFO] [stdout]      |
[INFO] [stdout] 1024 |     gl.set_clear_depth(-1.0);
[INFO] [stdout]      |        ^^^^^^^^^^^^^^^ help: there is an associated function with a similar name: `set_clear_color`
[INFO] [stdout] 
[INFO] [stdout] 
[INFO] [stdout] error[E0599]: no method named `bind_if_not_bound` found for struct `Rc<ShaderProgram>` in the current scope
[INFO] [stdout]    --> src/render/model.rs:190:22
[INFO] [stdout]     |
[INFO] [stdout] 190 |         self.program.bind_if_not_bound();
[INFO] [stdout]     |                      ^^^^^^^^^^^^^^^^^ method not found in `Rc<ShaderProgram>`
[INFO] [stdout] 
[INFO] [stdout] 
[INFO] [stdout] error[E0599]: no method named `bind_if_not_bound` found for struct `Rc<ShaderProgram>` in the current scope
[INFO] [stdout]    --> src/render/model.rs:204:22
[INFO] [stdout]     |
[INFO] [stdout] 204 |         self.program.bind_if_not_bound();
[INFO] [stdout]     |                      ^^^^^^^^^^^^^^^^^ method not found in `Rc<ShaderProgram>`
[INFO] [stdout] 
[INFO] [stdout] 
[INFO] [stdout] error[E0599]: no method named `prepare_draw_instanced` found for struct `Rc<ShaderProgram>` in the current scope
[INFO] [stdout]    --> src/render/model.rs:207:14
[INFO] [stdout]     |
[INFO] [stdout] 207 |             .prepare_draw_instanced(
[INFO] [stdout]     |              ^^^^^^^^^^^^^^^^^^^^^^ method not found in `Rc<ShaderProgram>`
[INFO] [stdout] 
[INFO] [stdout] 
[INFO] [stdout] error[E0599]: no method named `draw_prepared_instanced` found for struct `Rc<ShaderProgram>` in the current scope
[INFO] [stdout]    --> src/render/model.rs:238:26
[INFO] [stdout]     |
[INFO] [stdout] 238 |             self.program.draw_prepared_instanced(
[INFO] [stdout]     |                          ^^^^^^^^^^^^^^^^^^^^^^^ method not found in `Rc<ShaderProgram>`
[INFO] [stdout] 
[INFO] [stdout] 
[INFO] [stdout] error[E0599]: no method named `end_draw_instanced` found for struct `Rc<ShaderProgram>` in the current scope
[INFO] [stdout]    --> src/render/model.rs:294:24
[INFO] [stdout]     |
[INFO] [stdout] 294 |         self.0.program.end_draw_instanced(self.1);
[INFO] [stdout]     |                        ^^^^^^^^^^^^^^^^^^ method not found in `Rc<ShaderProgram>`
[INFO] [stdout] 
[INFO] [stdout] 
[INFO] [stdout] error[E0061]: this function takes 4 arguments but 5 arguments were supplied
[INFO] [stdout]   --> src/render/texture.rs:33:13
[INFO] [stdout]    |
[INFO] [stdout] 33 |         tex.set_image(
[INFO] [stdout]    |             ^^^^^^^^^ expected 4 arguments
[INFO] [stdout] 34 |             Some(&img),
[INFO] [stdout]    |             ----------
[INFO] [stdout] 35 |             MAIN_TEXTURE_WIDTH as u32,
[INFO] [stdout]    |             -------------------------
[INFO] [stdout] 36 |             MAIN_TEXTURE_HEIGHT as u32,
[INFO] [stdout]    |             --------------------------
[INFO] [stdout] 37 |             ColorFormat::RGBA,
[INFO] [stdout]    |             -----------------
[INFO] [stdout] 38 |             false,
[INFO] [stdout]    |             ----- supplied 5 arguments
[INFO] [stdout] 
[INFO] [stdout] 
[INFO] [stdout] error[E0624]: associated function `new_internal` is private
[INFO] [stdout]    --> src/widget/button.rs:109:36
[INFO] [stdout]     |
[INFO] [stdout] 109 |             inner: widget::Button::new_internal(Triangles {
[INFO] [stdout]     |                                    ^^^^^^^^^^^^ private associated function
[INFO] [stdout] 
[INFO] [stdout] 
[INFO] [stdout] warning: unused import: `std::iter::Sum`
[INFO] [stdout]  --> src/render/lang.rs:7:5
[INFO] [stdout]   |
[INFO] [stdout] 7 | use std::iter::Sum;
[INFO] [stdout]   |     ^^^^^^^^^^^^^^
[INFO] [stdout] 
[INFO] [stdout] 
[INFO] [stdout] error: aborting due to 10 previous errors; 10 warnings emitted
[INFO] [stdout] 
[INFO] [stdout] 
[INFO] [stdout] Some errors have detailed explanations: E0061, E0433, E0599, E0603, E0624.
[INFO] [stdout] 
[INFO] [stdout] For more information about an error, try `rustc --explain E0061`.
[INFO] [stdout] 
[INFO] [stderr] error: could not compile `gadget-up-2`.
[INFO] [stderr] 
[INFO] [stderr] To learn more, run the command again with --verbose.
[INFO] [stderr] warning: build failed, waiting for other jobs to finish...
[INFO] [stdout] error[E0599]: no method named `bind_if_not_bound` found for struct `Rc<ShaderProgram>` in the current scope
[INFO] [stdout]    --> src/render/model.rs:190:22
[INFO] [stdout]     |
[INFO] [stdout] 190 |         self.program.bind_if_not_bound();
[INFO] [stdout]     |                      ^^^^^^^^^^^^^^^^^ method not found in `Rc<ShaderProgram>`
[INFO] [stdout] 
[INFO] [stdout] 
[INFO] [stdout] error[E0599]: no method named `bind_if_not_bound` found for struct `Rc<ShaderProgram>` in the current scope
[INFO] [stdout]    --> src/render/model.rs:204:22
[INFO] [stdout]     |
[INFO] [stdout] 204 |         self.program.bind_if_not_bound();
[INFO] [stdout]     |                      ^^^^^^^^^^^^^^^^^ method not found in `Rc<ShaderProgram>`
[INFO] [stdout] 
[INFO] [stdout] 
[INFO] [stdout] error[E0599]: no method named `prepare_draw_instanced` found for struct `Rc<ShaderProgram>` in the current scope
[INFO] [stdout]    --> src/render/model.rs:207:14
[INFO] [stdout]     |
[INFO] [stdout] 207 |             .prepare_draw_instanced(
[INFO] [stdout]     |              ^^^^^^^^^^^^^^^^^^^^^^ method not found in `Rc<ShaderProgram>`
[INFO] [stdout] 
[INFO] [stdout] 
[INFO] [stdout] error[E0599]: no method named `draw_prepared_instanced` found for struct `Rc<ShaderProgram>` in the current scope
[INFO] [stdout]    --> src/render/model.rs:238:26
[INFO] [stdout]     |
[INFO] [stdout] 238 |             self.program.draw_prepared_instanced(
[INFO] [stdout]     |                          ^^^^^^^^^^^^^^^^^^^^^^^ method not found in `Rc<ShaderProgram>`
[INFO] [stdout] 
[INFO] [stdout] 
[INFO] [stdout] error[E0599]: no method named `end_draw_instanced` found for struct `Rc<ShaderProgram>` in the current scope
[INFO] [stdout]    --> src/render/model.rs:294:24
[INFO] [stdout]     |
[INFO] [stdout] 294 |         self.0.program.end_draw_instanced(self.1);
[INFO] [stdout]     |                        ^^^^^^^^^^^^^^^^^^ method not found in `Rc<ShaderProgram>`
[INFO] [stdout] 
[INFO] [stdout] 
[INFO] [stdout] error[E0061]: this function takes 4 arguments but 5 arguments were supplied
[INFO] [stdout]   --> src/render/texture.rs:33:13
[INFO] [stdout]    |
[INFO] [stdout] 33 |         tex.set_image(
[INFO] [stdout]    |             ^^^^^^^^^ expected 4 arguments
[INFO] [stdout] 34 |             Some(&img),
[INFO] [stdout]    |             ----------
[INFO] [stdout] 35 |             MAIN_TEXTURE_WIDTH as u32,
[INFO] [stdout]    |             -------------------------
[INFO] [stdout] 36 |             MAIN_TEXTURE_HEIGHT as u32,
[INFO] [stdout]    |             --------------------------
[INFO] [stdout] 37 |             ColorFormat::RGBA,
[INFO] [stdout]    |             -----------------
[INFO] [stdout] 38 |             false,
[INFO] [stdout]    |             ----- supplied 5 arguments
[INFO] [stdout] 
[INFO] [stdout] 
[INFO] [stdout] error[E0624]: associated function `new_internal` is private
[INFO] [stdout]    --> src/widget/button.rs:109:36
[INFO] [stdout]     |
[INFO] [stdout] 109 |             inner: widget::Button::new_internal(Triangles {
[INFO] [stdout]     |                                    ^^^^^^^^^^^^ private associated function
[INFO] [stdout] 
[INFO] [stdout] 
[INFO] [stdout] warning: unused import: `std::iter::Sum`
[INFO] [stdout]  --> src/render/lang.rs:7:5
[INFO] [stdout]   |
[INFO] [stdout] 7 | use std::iter::Sum;
[INFO] [stdout]   |     ^^^^^^^^^^^^^^
[INFO] [stdout] 
[INFO] [stdout] 
[INFO] [stdout] error: aborting due to 10 previous errors; 10 warnings emitted
[INFO] [stdout] 
[INFO] [stdout] 
[INFO] [stdout] Some errors have detailed explanations: E0061, E0433, E0599, E0603, E0624.
[INFO] [stdout] 
[INFO] [stdout] For more information about an error, try `rustc --explain E0061`.
[INFO] [stdout] 
[INFO] [stderr] error: build failed
[INFO] running `Command { std: "docker" "inspect" "723c80dfc3799819998aba60379e1163fc0063004e029af1c8c0cf1ae5dd0353", kill_on_drop: false }`
[INFO] running `Command { std: "docker" "rm" "-f" "723c80dfc3799819998aba60379e1163fc0063004e029af1c8c0cf1ae5dd0353", kill_on_drop: false }`
[INFO] [stdout] 723c80dfc3799819998aba60379e1163fc0063004e029af1c8c0cf1ae5dd0353
